{"id":2510,"date":"2024-01-22T11:51:10","date_gmt":"2024-01-22T11:51:10","guid":{"rendered":"https:\/\/levelup-bf.com\/?page_id=2510"},"modified":"2024-01-22T12:09:07","modified_gmt":"2024-01-22T12:09:07","slug":"effectuez-le-voyage-avec-letudiant","status":"publish","type":"page","link":"https:\/\/levelup-bf.com\/?page_id=2510","title":{"rendered":"Effectuer le voyage avec l&rsquo;\u00e9tudiant"},"content":{"rendered":"\t\t<div data-elementor-type=\"wp-page\" data-elementor-id=\"2510\" class=\"elementor elementor-2510\">\n\t\t\t\t<div class=\"elementor-element elementor-element-1bae1ef e-flex e-con-boxed e-con e-parent\" data-id=\"1bae1ef\" data-element_type=\"container\" data-e-type=\"container\">\n\t\t\t\t\t<div class=\"e-con-inner\">\n\t\t<div class=\"elementor-element elementor-element-1adb2dc e-flex e-con-boxed e-con e-child\" data-id=\"1adb2dc\" data-element_type=\"container\" data-e-type=\"container\">\n\t\t\t\t\t<div class=\"e-con-inner\">\n\t\t\t\t<div class=\"elementor-element elementor-element-df13b2d elementor-widget elementor-widget-image\" data-id=\"df13b2d\" data-element_type=\"widget\" data-e-type=\"widget\" data-widget_type=\"image.default\">\n\t\t\t\t<div class=\"elementor-widget-container\">\n\t\t\t\t\t\t\t\t\t\t\t\t\t\t\t<img fetchpriority=\"high\" decoding=\"async\" width=\"1024\" height=\"758\" src=\"https:\/\/levelup-bf.com\/wp-content\/uploads\/2024\/01\/medium-shot-man-posing-with-graduation-background-1024x758.jpg\" class=\"attachment-large size-large wp-image-2512\" alt=\"\" srcset=\"https:\/\/levelup-bf.com\/wp-content\/uploads\/2024\/01\/medium-shot-man-posing-with-graduation-background-1024x758.jpg 1024w, https:\/\/levelup-bf.com\/wp-content\/uploads\/2024\/01\/medium-shot-man-posing-with-graduation-background-300x222.jpg 300w, https:\/\/levelup-bf.com\/wp-content\/uploads\/2024\/01\/medium-shot-man-posing-with-graduation-background-768x569.jpg 768w, https:\/\/levelup-bf.com\/wp-content\/uploads\/2024\/01\/medium-shot-man-posing-with-graduation-background-1232x912.jpg 1232w\" sizes=\"(max-width: 1024px) 100vw, 1024px\" \/>\t\t\t\t\t\t\t\t\t\t\t\t\t\t\t<\/div>\n\t\t\t\t<\/div>\n\t\t<div class=\"elementor-element elementor-element-d04f774 e-flex e-con-boxed e-con e-child\" data-id=\"d04f774\" data-element_type=\"container\" data-e-type=\"container\" data-settings=\"{&quot;background_background&quot;:&quot;gradient&quot;}\">\n\t\t\t\t\t<div class=\"e-con-inner\">\n\t\t\t\t<div class=\"elementor-element elementor-element-d720581 elementor-widget elementor-widget-text-editor\" data-id=\"d720581\" data-element_type=\"widget\" data-e-type=\"widget\" data-widget_type=\"text-editor.default\">\n\t\t\t\t<div class=\"elementor-widget-container\">\n\t\t\t\t\t\t\t\t\t<h4>Apr\u00e8s une longue proc\u00e9dure qui vous \u00e0 sans doute fatigu\u00e9(e, vous voila enfin admis(e). Vous \u00eates tout(e) content(e) car vous \u00eates sur le point de r\u00e9aliser l&rsquo;un de vos r\u00eaves le plus pr\u00e9cieux. Vous vous appr\u00eatez \u00e0 vivre une exp\u00e9rience exceptionnelle en d\u00e9cidant de poursuivre vos \u00e9tudes \u00e0 l&rsquo;\u00e9tranger, et votre installation repr\u00e9sente l&rsquo;un des d\u00e9fis les plus marquants qui se dressent devant vous. D&rsquo;un coup une peur inexplicable s&#8217;empare de vous. La joie laisse place au stress. De nombreuses questions commencent \u00e0 se bousculer dans votre t\u00eate. Parmi ses questions celles qui reviennent \u00e0 chaque fois sont:<\/h4><h4>comment va se passer le voyage? C&rsquo;est ma premi\u00e8re fois dans ce pays<\/h4><h4>Comment vais m&rsquo;int\u00e9grer?<\/h4><h4>Qui va m\u2019accueillir \u00e0 l&rsquo;a\u00e9roport?<\/h4><h4>Et si je me perds?<\/h4><h4>etc.<\/h4>\t\t\t\t\t\t\t\t<\/div>\n\t\t\t\t<\/div>\n\t\t\t\t\t<\/div>\n\t\t\t\t<\/div>\n\t\t\t\t\t<\/div>\n\t\t\t\t<\/div>\n\t\t<div class=\"elementor-element elementor-element-5f9cfda e-flex e-con-boxed e-con e-child\" data-id=\"5f9cfda\" data-element_type=\"container\" data-e-type=\"container\">\n\t\t\t\t\t<div class=\"e-con-inner\">\n\t\t\t\t<div class=\"elementor-element elementor-element-98c84ee elementor-widget elementor-widget-image\" data-id=\"98c84ee\" data-element_type=\"widget\" data-e-type=\"widget\" data-widget_type=\"image.default\">\n\t\t\t\t<div class=\"elementor-widget-container\">\n\t\t\t\t\t\t\t\t\t\t\t\t\t\t\t<img decoding=\"async\" width=\"590\" height=\"626\" src=\"https:\/\/levelup-bf.com\/wp-content\/uploads\/2024\/01\/WhatsApp-Image-2024-01-15-at-18.37.19.jpeg\" class=\"attachment-full size-full wp-image-2517\" alt=\"\" srcset=\"https:\/\/levelup-bf.com\/wp-content\/uploads\/2024\/01\/WhatsApp-Image-2024-01-15-at-18.37.19.jpeg 590w, https:\/\/levelup-bf.com\/wp-content\/uploads\/2024\/01\/WhatsApp-Image-2024-01-15-at-18.37.19-283x300.jpeg 283w\" sizes=\"(max-width: 590px) 100vw, 590px\" \/>\t\t\t\t\t\t\t\t\t\t\t\t\t\t\t<\/div>\n\t\t\t\t<\/div>\n\t\t\t\t\t<\/div>\n\t\t\t\t<\/div>\n\t\t<div class=\"elementor-element elementor-element-ef90ac2 e-flex e-con-boxed e-con e-child\" data-id=\"ef90ac2\" data-element_type=\"container\" data-e-type=\"container\">\n\t\t\t\t\t<div class=\"e-con-inner\">\n\t\t\t\t<div class=\"elementor-element elementor-element-c9ceb3b elementor-widget elementor-widget-text-editor\" data-id=\"c9ceb3b\" data-element_type=\"widget\" data-e-type=\"widget\" data-widget_type=\"text-editor.default\">\n\t\t\t\t<div class=\"elementor-widget-container\">\n\t\t\t\t\t\t\t\t\t<h4>Level Up Education vous dit Stop! respirez! nous sommes l\u00e0!<\/h4>\t\t\t\t\t\t\t\t<\/div>\n\t\t\t\t<\/div>\n\t\t<div class=\"elementor-element elementor-element-316c346 e-flex e-con-boxed e-con e-child\" data-id=\"316c346\" data-element_type=\"container\" data-e-type=\"container\" data-settings=\"{&quot;background_background&quot;:&quot;gradient&quot;}\">\n\t\t\t\t\t<div class=\"e-con-inner\">\n\t\t\t\t<div class=\"elementor-element elementor-element-abd2036 elementor-widget elementor-widget-text-editor\" data-id=\"abd2036\" data-element_type=\"widget\" data-e-type=\"widget\" data-widget_type=\"text-editor.default\">\n\t\t\t\t<div class=\"elementor-widget-container\">\n\t\t\t\t\t\t\t\t\t<h4>Pour les parents qui le souhaitent, nous pouvons effectuer tout le voyage avec l\u2019\u00e9tudiant jusqu\u2019\u00e0 son installation dans son nouveau pays d\u2019accueil.<\/h4>\t\t\t\t\t\t\t\t<\/div>\n\t\t\t\t<\/div>\n\t\t\t\t\t<\/div>\n\t\t\t\t<\/div>\n\t\t\t\t\t<\/div>\n\t\t\t\t<\/div>\n\t\t\t\t<div class=\"elementor-element elementor-element-b7f8fee gallery-spacing-custom elementor-widget elementor-widget-image-gallery\" data-id=\"b7f8fee\" data-element_type=\"widget\" data-e-type=\"widget\" data-widget_type=\"image-gallery.default\">\n\t\t\t\t<div class=\"elementor-widget-container\">\n\t\t\t\t\t\t\t<div class=\"elementor-image-gallery\">\n\t\t\t\n\t\t<style type=\"text\/css\">\n\t\t\t#gallery-1 {\n\t\t\t\tmargin: auto;\n\t\t\t}\n\t\t\t#gallery-1 .gallery-item {\n\t\t\t\tfloat: left;\n\t\t\t\tmargin-top: 10px;\n\t\t\t\ttext-align: center;\n\t\t\t\twidth: 33%;\n\t\t\t}\n\t\t\t#gallery-1 img {\n\t\t\t\tborder: 2px solid #cfcfcf;\n\t\t\t}\n\t\t\t#gallery-1 .gallery-caption {\n\t\t\t\tmargin-left: 0;\n\t\t\t}\n\t\t\t\/* see gallery_shortcode() in wp-includes\/media.php *\/\n\t\t<\/style>\n\t\t<div id='gallery-1' class='gallery galleryid-2510 gallery-columns-3 gallery-size-full'><dl class='gallery-item'>\n\t\t\t<dt class='gallery-icon landscape'>\n\t\t\t\t<a data-elementor-open-lightbox=\"yes\" data-elementor-lightbox-slideshow=\"b7f8fee\" data-elementor-lightbox-title=\"WhatsApp Image 2024-01-15 at 18.48.22\" data-e-action-hash=\"#elementor-action%3Aaction%3Dlightbox%26settings%3DeyJpZCI6MjUxNiwidXJsIjoiaHR0cHM6XC9cL2xldmVsdXAtYmYuY29tXC93cC1jb250ZW50XC91cGxvYWRzXC8yMDI0XC8wMVwvV2hhdHNBcHAtSW1hZ2UtMjAyNC0wMS0xNS1hdC0xOC40OC4yMi5qcGVnIiwic2xpZGVzaG93IjoiYjdmOGZlZSJ9\" href='https:\/\/levelup-bf.com\/wp-content\/uploads\/2024\/01\/WhatsApp-Image-2024-01-15-at-18.48.22.jpeg'><img decoding=\"async\" width=\"626\" height=\"417\" src=\"https:\/\/levelup-bf.com\/wp-content\/uploads\/2024\/01\/WhatsApp-Image-2024-01-15-at-18.48.22.jpeg\" class=\"attachment-full size-full\" alt=\"\" srcset=\"https:\/\/levelup-bf.com\/wp-content\/uploads\/2024\/01\/WhatsApp-Image-2024-01-15-at-18.48.22.jpeg 626w, https:\/\/levelup-bf.com\/wp-content\/uploads\/2024\/01\/WhatsApp-Image-2024-01-15-at-18.48.22-300x200.jpeg 300w\" sizes=\"(max-width: 626px) 100vw, 626px\" \/><\/a>\n\t\t\t<\/dt><\/dl><dl class='gallery-item'>\n\t\t\t<dt class='gallery-icon landscape'>\n\t\t\t\t<a data-elementor-open-lightbox=\"yes\" data-elementor-lightbox-slideshow=\"b7f8fee\" data-elementor-lightbox-title=\"WhatsApp Image 2024-01-15 at 18.50.18\" data-e-action-hash=\"#elementor-action%3Aaction%3Dlightbox%26settings%3DeyJpZCI6MjUxNSwidXJsIjoiaHR0cHM6XC9cL2xldmVsdXAtYmYuY29tXC93cC1jb250ZW50XC91cGxvYWRzXC8yMDI0XC8wMVwvV2hhdHNBcHAtSW1hZ2UtMjAyNC0wMS0xNS1hdC0xOC41MC4xOC5qcGVnIiwic2xpZGVzaG93IjoiYjdmOGZlZSJ9\" href='https:\/\/levelup-bf.com\/wp-content\/uploads\/2024\/01\/WhatsApp-Image-2024-01-15-at-18.50.18.jpeg'><img loading=\"lazy\" decoding=\"async\" width=\"626\" height=\"417\" src=\"https:\/\/levelup-bf.com\/wp-content\/uploads\/2024\/01\/WhatsApp-Image-2024-01-15-at-18.50.18.jpeg\" class=\"attachment-full size-full\" alt=\"\" srcset=\"https:\/\/levelup-bf.com\/wp-content\/uploads\/2024\/01\/WhatsApp-Image-2024-01-15-at-18.50.18.jpeg 626w, https:\/\/levelup-bf.com\/wp-content\/uploads\/2024\/01\/WhatsApp-Image-2024-01-15-at-18.50.18-300x200.jpeg 300w\" sizes=\"(max-width: 626px) 100vw, 626px\" \/><\/a>\n\t\t\t<\/dt><\/dl><dl class='gallery-item'>\n\t\t\t<dt class='gallery-icon landscape'>\n\t\t\t\t<a data-elementor-open-lightbox=\"yes\" data-elementor-lightbox-slideshow=\"b7f8fee\" data-elementor-lightbox-title=\"WhatsApp Image 2024-01-15 at 18.50.18(1)\" data-e-action-hash=\"#elementor-action%3Aaction%3Dlightbox%26settings%3DeyJpZCI6MjUxNCwidXJsIjoiaHR0cHM6XC9cL2xldmVsdXAtYmYuY29tXC93cC1jb250ZW50XC91cGxvYWRzXC8yMDI0XC8wMVwvV2hhdHNBcHAtSW1hZ2UtMjAyNC0wMS0xNS1hdC0xOC41MC4xODEuanBlZyIsInNsaWRlc2hvdyI6ImI3ZjhmZWUifQ%3D%3D\" href='https:\/\/levelup-bf.com\/wp-content\/uploads\/2024\/01\/WhatsApp-Image-2024-01-15-at-18.50.181.jpeg'><img loading=\"lazy\" decoding=\"async\" width=\"626\" height=\"418\" src=\"https:\/\/levelup-bf.com\/wp-content\/uploads\/2024\/01\/WhatsApp-Image-2024-01-15-at-18.50.181.jpeg\" class=\"attachment-full size-full\" alt=\"\" srcset=\"https:\/\/levelup-bf.com\/wp-content\/uploads\/2024\/01\/WhatsApp-Image-2024-01-15-at-18.50.181.jpeg 626w, https:\/\/levelup-bf.com\/wp-content\/uploads\/2024\/01\/WhatsApp-Image-2024-01-15-at-18.50.181-300x200.jpeg 300w\" sizes=\"(max-width: 626px) 100vw, 626px\" \/><\/a>\n\t\t\t<\/dt><\/dl><br style=\"clear: both\" \/>\n\t\t<\/div>\n\t\t<\/div>\n\t\t\t\t\t\t<\/div>\n\t\t\t\t<\/div>\n\t\t<div class=\"elementor-element elementor-element-1ebc537 e-flex e-con-boxed e-con e-child\" data-id=\"1ebc537\" data-element_type=\"container\" data-e-type=\"container\">\n\t\t\t\t\t<div class=\"e-con-inner\">\n\t\t\t\t<div class=\"elementor-element elementor-element-77a43cb elementor-widget elementor-widget-text-editor\" data-id=\"77a43cb\" data-element_type=\"widget\" data-e-type=\"widget\" data-widget_type=\"text-editor.default\">\n\t\t\t\t<div class=\"elementor-widget-container\">\n\t\t\t\t\t\t\t\t\t<h4>N&rsquo;est ce pas g\u00e9nial??<\/h4>\t\t\t\t\t\t\t\t<\/div>\n\t\t\t\t<\/div>\n\t\t\t\t\t<\/div>\n\t\t\t\t<\/div>\n\t\t\t\t\t<\/div>\n\t\t\t\t<\/div>\n\t\t\t\t<\/div>\n\t\t","protected":false},"excerpt":{"rendered":"<p>Apr\u00e8s une longue proc\u00e9dure qui vous \u00e0 sans doute fatigu\u00e9(e, vous voila enfin admis(e). Vous \u00eates tout(e) content(e) car vous \u00eates sur le point de r\u00e9aliser l&rsquo;un de vos r\u00eaves le plus pr\u00e9cieux. Vous vous appr\u00eatez \u00e0 vivre une exp\u00e9rience exceptionnelle en d\u00e9cidant de poursuivre vos \u00e9tudes \u00e0 l&rsquo;\u00e9tranger, et votre installation repr\u00e9sente l&rsquo;un des&nbsp;&hellip;<\/p>\n","protected":false},"author":4,"featured_media":0,"parent":0,"menu_order":0,"comment_status":"closed","ping_status":"closed","template":"","meta":{"_monsterinsights_skip_tracking":false,"_monsterinsights_sitenote_active":false,"_monsterinsights_sitenote_note":"","_monsterinsights_sitenote_category":0,"footnotes":""},"class_list":["post-2510","page","type-page","status-publish","hentry"],"yoast_head":"<!-- This site is optimized with the Yoast SEO plugin v27.5 - https:\/\/yoast.com\/product\/yoast-seo-wordpress\/ -->\n<title>Effectuer le voyage avec l&#039;\u00e9tudiant - LEVEL UP EDUCATION<\/title>\n<meta name=\"description\" content=\"Level Up Education est un centre d&#039;accompagnement des jeunes et des professionnels, sp\u00e9cialis\u00e9 dans le conseil, l&#039;orientation, la r\u00e9orientation scolaire et l&#039;accompagnement des \u00e9tudiants dans leurs projets d&#039;\u00e9tudes \u00e0 l&#039;international.\" \/>\n<meta name=\"robots\" content=\"index, follow, max-snippet:-1, max-image-preview:large, max-video-preview:-1\" \/>\n<link rel=\"canonical\" href=\"https:\/\/levelup-bf.com\/?page_id=2510\" \/>\n<meta property=\"og:locale\" content=\"fr_FR\" \/>\n<meta property=\"og:type\" content=\"article\" \/>\n<meta property=\"og:title\" content=\"Effectuer le voyage avec l&#039;\u00e9tudiant - LEVEL UP EDUCATION\" \/>\n<meta property=\"og:description\" content=\"Level Up Education est un centre d&#039;accompagnement des jeunes et des professionnels, sp\u00e9cialis\u00e9 dans le conseil, l&#039;orientation, la r\u00e9orientation scolaire et l&#039;accompagnement des \u00e9tudiants dans leurs projets d&#039;\u00e9tudes \u00e0 l&#039;international.\" \/>\n<meta property=\"og:url\" content=\"https:\/\/levelup-bf.com\/?page_id=2510\" \/>\n<meta property=\"og:site_name\" content=\"LEVEL UP EDUCATION\" \/>\n<meta property=\"article:publisher\" content=\"https:\/\/www.facebook.com\/Levelup-Education-100296392005332\/\" \/>\n<meta property=\"article:modified_time\" content=\"2024-01-22T12:09:07+00:00\" \/>\n<meta property=\"og:image\" content=\"https:\/\/levelup-bf.com\/wp-content\/uploads\/2024\/01\/medium-shot-man-posing-with-graduation-background-1024x758.jpg\" \/>\n<meta name=\"twitter:label1\" content=\"Dur\u00e9e de lecture estim\u00e9e\" \/>\n\t<meta name=\"twitter:data1\" content=\"1 minute\" \/>\n<script type=\"application\/ld+json\" class=\"yoast-schema-graph\">{\"@context\":\"https:\\\/\\\/schema.org\",\"@graph\":[{\"@type\":\"WebPage\",\"@id\":\"https:\\\/\\\/levelup-bf.com\\\/?page_id=2510\",\"url\":\"https:\\\/\\\/levelup-bf.com\\\/?page_id=2510\",\"name\":\"Effectuer le voyage avec l'\u00e9tudiant - LEVEL UP EDUCATION\",\"isPartOf\":{\"@id\":\"https:\\\/\\\/levelup-bf.com\\\/#website\"},\"primaryImageOfPage\":{\"@id\":\"https:\\\/\\\/levelup-bf.com\\\/?page_id=2510#primaryimage\"},\"image\":{\"@id\":\"https:\\\/\\\/levelup-bf.com\\\/?page_id=2510#primaryimage\"},\"thumbnailUrl\":\"https:\\\/\\\/levelup-bf.com\\\/wp-content\\\/uploads\\\/2024\\\/01\\\/medium-shot-man-posing-with-graduation-background-1024x758.jpg\",\"datePublished\":\"2024-01-22T11:51:10+00:00\",\"dateModified\":\"2024-01-22T12:09:07+00:00\",\"description\":\"Level Up Education est un centre d'accompagnement des jeunes et des professionnels, sp\u00e9cialis\u00e9 dans le conseil, l'orientation, la r\u00e9orientation scolaire et l'accompagnement des \u00e9tudiants dans leurs projets d'\u00e9tudes \u00e0 l'international.\",\"breadcrumb\":{\"@id\":\"https:\\\/\\\/levelup-bf.com\\\/?page_id=2510#breadcrumb\"},\"inLanguage\":\"fr-FR\",\"potentialAction\":[{\"@type\":\"ReadAction\",\"target\":[\"https:\\\/\\\/levelup-bf.com\\\/?page_id=2510\"]}]},{\"@type\":\"ImageObject\",\"inLanguage\":\"fr-FR\",\"@id\":\"https:\\\/\\\/levelup-bf.com\\\/?page_id=2510#primaryimage\",\"url\":\"https:\\\/\\\/levelup-bf.com\\\/wp-content\\\/uploads\\\/2024\\\/01\\\/medium-shot-man-posing-with-graduation-background.jpg\",\"contentUrl\":\"https:\\\/\\\/levelup-bf.com\\\/wp-content\\\/uploads\\\/2024\\\/01\\\/medium-shot-man-posing-with-graduation-background.jpg\",\"width\":8408,\"height\":6224},{\"@type\":\"BreadcrumbList\",\"@id\":\"https:\\\/\\\/levelup-bf.com\\\/?page_id=2510#breadcrumb\",\"itemListElement\":[{\"@type\":\"ListItem\",\"position\":1,\"name\":\"Accueil\",\"item\":\"https:\\\/\\\/levelup-bf.com\\\/\"},{\"@type\":\"ListItem\",\"position\":2,\"name\":\"Effectuer le voyage avec l&rsquo;\u00e9tudiant\"}]},{\"@type\":\"WebSite\",\"@id\":\"https:\\\/\\\/levelup-bf.com\\\/#website\",\"url\":\"https:\\\/\\\/levelup-bf.com\\\/\",\"name\":\"LEVEL UP EDUCATION\",\"description\":\"L&#039;Expert de l&#039;Orientation Scolaire et de la Mobilit\u00e9 Internationale des \u00c9tudiants!\",\"publisher\":{\"@id\":\"https:\\\/\\\/levelup-bf.com\\\/#organization\"},\"potentialAction\":[{\"@type\":\"SearchAction\",\"target\":{\"@type\":\"EntryPoint\",\"urlTemplate\":\"https:\\\/\\\/levelup-bf.com\\\/?s={search_term_string}\"},\"query-input\":{\"@type\":\"PropertyValueSpecification\",\"valueRequired\":true,\"valueName\":\"search_term_string\"}}],\"inLanguage\":\"fr-FR\"},{\"@type\":\"Organization\",\"@id\":\"https:\\\/\\\/levelup-bf.com\\\/#organization\",\"name\":\"Level'Up Education\",\"url\":\"https:\\\/\\\/levelup-bf.com\\\/\",\"logo\":{\"@type\":\"ImageObject\",\"inLanguage\":\"fr-FR\",\"@id\":\"https:\\\/\\\/levelup-bf.com\\\/#\\\/schema\\\/logo\\\/image\\\/\",\"url\":\"https:\\\/\\\/levelup-bf.com\\\/wp-content\\\/uploads\\\/2021\\\/02\\\/cropped-cropped-LOGO-10.jpeg\",\"contentUrl\":\"https:\\\/\\\/levelup-bf.com\\\/wp-content\\\/uploads\\\/2021\\\/02\\\/cropped-cropped-LOGO-10.jpeg\",\"width\":915,\"height\":912,\"caption\":\"Level'Up Education\"},\"image\":{\"@id\":\"https:\\\/\\\/levelup-bf.com\\\/#\\\/schema\\\/logo\\\/image\\\/\"},\"sameAs\":[\"https:\\\/\\\/www.facebook.com\\\/Levelup-Education-100296392005332\\\/\",\"https:\\\/\\\/www.instagram.com\\\/level_up_educ\\\/\"]}]}<\/script>\n<!-- \/ Yoast SEO plugin. -->","yoast_head_json":{"title":"Effectuer le voyage avec l'\u00e9tudiant - LEVEL UP EDUCATION","description":"Level Up Education est un centre d'accompagnement des jeunes et des professionnels, sp\u00e9cialis\u00e9 dans le conseil, l'orientation, la r\u00e9orientation scolaire et l'accompagnement des \u00e9tudiants dans leurs projets d'\u00e9tudes \u00e0 l'international.","robots":{"index":"index","follow":"follow","max-snippet":"max-snippet:-1","max-image-preview":"max-image-preview:large","max-video-preview":"max-video-preview:-1"},"canonical":"https:\/\/levelup-bf.com\/?page_id=2510","og_locale":"fr_FR","og_type":"article","og_title":"Effectuer le voyage avec l'\u00e9tudiant - LEVEL UP EDUCATION","og_description":"Level Up Education est un centre d'accompagnement des jeunes et des professionnels, sp\u00e9cialis\u00e9 dans le conseil, l'orientation, la r\u00e9orientation scolaire et l'accompagnement des \u00e9tudiants dans leurs projets d'\u00e9tudes \u00e0 l'international.","og_url":"https:\/\/levelup-bf.com\/?page_id=2510","og_site_name":"LEVEL UP EDUCATION","article_publisher":"https:\/\/www.facebook.com\/Levelup-Education-100296392005332\/","article_modified_time":"2024-01-22T12:09:07+00:00","og_image":[{"url":"https:\/\/levelup-bf.com\/wp-content\/uploads\/2024\/01\/medium-shot-man-posing-with-graduation-background-1024x758.jpg","type":"","width":"","height":""}],"twitter_misc":{"Dur\u00e9e de lecture estim\u00e9e":"1 minute"},"schema":{"@context":"https:\/\/schema.org","@graph":[{"@type":"WebPage","@id":"https:\/\/levelup-bf.com\/?page_id=2510","url":"https:\/\/levelup-bf.com\/?page_id=2510","name":"Effectuer le voyage avec l'\u00e9tudiant - LEVEL UP EDUCATION","isPartOf":{"@id":"https:\/\/levelup-bf.com\/#website"},"primaryImageOfPage":{"@id":"https:\/\/levelup-bf.com\/?page_id=2510#primaryimage"},"image":{"@id":"https:\/\/levelup-bf.com\/?page_id=2510#primaryimage"},"thumbnailUrl":"https:\/\/levelup-bf.com\/wp-content\/uploads\/2024\/01\/medium-shot-man-posing-with-graduation-background-1024x758.jpg","datePublished":"2024-01-22T11:51:10+00:00","dateModified":"2024-01-22T12:09:07+00:00","description":"Level Up Education est un centre d'accompagnement des jeunes et des professionnels, sp\u00e9cialis\u00e9 dans le conseil, l'orientation, la r\u00e9orientation scolaire et l'accompagnement des \u00e9tudiants dans leurs projets d'\u00e9tudes \u00e0 l'international.","breadcrumb":{"@id":"https:\/\/levelup-bf.com\/?page_id=2510#breadcrumb"},"inLanguage":"fr-FR","potentialAction":[{"@type":"ReadAction","target":["https:\/\/levelup-bf.com\/?page_id=2510"]}]},{"@type":"ImageObject","inLanguage":"fr-FR","@id":"https:\/\/levelup-bf.com\/?page_id=2510#primaryimage","url":"https:\/\/levelup-bf.com\/wp-content\/uploads\/2024\/01\/medium-shot-man-posing-with-graduation-background.jpg","contentUrl":"https:\/\/levelup-bf.com\/wp-content\/uploads\/2024\/01\/medium-shot-man-posing-with-graduation-background.jpg","width":8408,"height":6224},{"@type":"BreadcrumbList","@id":"https:\/\/levelup-bf.com\/?page_id=2510#breadcrumb","itemListElement":[{"@type":"ListItem","position":1,"name":"Accueil","item":"https:\/\/levelup-bf.com\/"},{"@type":"ListItem","position":2,"name":"Effectuer le voyage avec l&rsquo;\u00e9tudiant"}]},{"@type":"WebSite","@id":"https:\/\/levelup-bf.com\/#website","url":"https:\/\/levelup-bf.com\/","name":"LEVEL UP EDUCATION","description":"L&#039;Expert de l&#039;Orientation Scolaire et de la Mobilit\u00e9 Internationale des \u00c9tudiants!","publisher":{"@id":"https:\/\/levelup-bf.com\/#organization"},"potentialAction":[{"@type":"SearchAction","target":{"@type":"EntryPoint","urlTemplate":"https:\/\/levelup-bf.com\/?s={search_term_string}"},"query-input":{"@type":"PropertyValueSpecification","valueRequired":true,"valueName":"search_term_string"}}],"inLanguage":"fr-FR"},{"@type":"Organization","@id":"https:\/\/levelup-bf.com\/#organization","name":"Level'Up Education","url":"https:\/\/levelup-bf.com\/","logo":{"@type":"ImageObject","inLanguage":"fr-FR","@id":"https:\/\/levelup-bf.com\/#\/schema\/logo\/image\/","url":"https:\/\/levelup-bf.com\/wp-content\/uploads\/2021\/02\/cropped-cropped-LOGO-10.jpeg","contentUrl":"https:\/\/levelup-bf.com\/wp-content\/uploads\/2021\/02\/cropped-cropped-LOGO-10.jpeg","width":915,"height":912,"caption":"Level'Up Education"},"image":{"@id":"https:\/\/levelup-bf.com\/#\/schema\/logo\/image\/"},"sameAs":["https:\/\/www.facebook.com\/Levelup-Education-100296392005332\/","https:\/\/www.instagram.com\/level_up_educ\/"]}]}},"_links":{"self":[{"href":"https:\/\/levelup-bf.com\/index.php?rest_route=\/wp\/v2\/pages\/2510","targetHints":{"allow":["GET"]}}],"collection":[{"href":"https:\/\/levelup-bf.com\/index.php?rest_route=\/wp\/v2\/pages"}],"about":[{"href":"https:\/\/levelup-bf.com\/index.php?rest_route=\/wp\/v2\/types\/page"}],"author":[{"embeddable":true,"href":"https:\/\/levelup-bf.com\/index.php?rest_route=\/wp\/v2\/users\/4"}],"replies":[{"embeddable":true,"href":"https:\/\/levelup-bf.com\/index.php?rest_route=%2Fwp%2Fv2%2Fcomments&post=2510"}],"version-history":[{"count":23,"href":"https:\/\/levelup-bf.com\/index.php?rest_route=\/wp\/v2\/pages\/2510\/revisions"}],"predecessor-version":[{"id":2663,"href":"https:\/\/levelup-bf.com\/index.php?rest_route=\/wp\/v2\/pages\/2510\/revisions\/2663"}],"wp:attachment":[{"href":"https:\/\/levelup-bf.com\/index.php?rest_route=%2Fwp%2Fv2%2Fmedia&parent=2510"}],"curies":[{"name":"wp","href":"https:\/\/api.w.org\/{rel}","templated":true}]}}