{"id":3173,"date":"2024-04-29T10:52:03","date_gmt":"2024-04-29T10:52:03","guid":{"rendered":"https:\/\/levelup-bf.com\/?page_id=3173"},"modified":"2024-07-15T12:16:25","modified_gmt":"2024-07-15T12:16:25","slug":"parents","status":"publish","type":"page","link":"https:\/\/levelup-bf.com\/?page_id=3173","title":{"rendered":"Parents"},"content":{"rendered":"\t\t<div data-elementor-type=\"wp-page\" data-elementor-id=\"3173\" class=\"elementor elementor-3173\">\n\t\t\t\t<div class=\"elementor-element elementor-element-28f8438 e-flex e-con-boxed e-con e-parent\" data-id=\"28f8438\" data-element_type=\"container\" data-e-type=\"container\">\n\t\t\t\t\t<div class=\"e-con-inner\">\n\t\t<div class=\"elementor-element elementor-element-f6fea43 e-flex e-con-boxed e-con e-child\" data-id=\"f6fea43\" data-element_type=\"container\" data-e-type=\"container\">\n\t\t\t\t\t<div class=\"e-con-inner\">\n\t\t\t\t<div class=\"elementor-element elementor-element-c9dc94f elementor-widget elementor-widget-heading\" data-id=\"c9dc94f\" data-element_type=\"widget\" data-e-type=\"widget\" data-widget_type=\"heading.default\">\n\t\t\t\t<div class=\"elementor-widget-container\">\n\t\t\t\t\t<h2 class=\"elementor-heading-title elementor-size-default\">T\u00e9moignage de M. YONLI<\/h2>\t\t\t\t<\/div>\n\t\t\t\t<\/div>\n\t\t\t\t\t<\/div>\n\t\t\t\t<\/div>\n\t\t<div class=\"elementor-element elementor-element-7233124 e-flex e-con-boxed e-con e-child\" data-id=\"7233124\" data-element_type=\"container\" data-e-type=\"container\">\n\t\t\t\t\t<div class=\"e-con-inner\">\n\t\t\t\t<div class=\"elementor-element elementor-element-6b4588b elementor-widget elementor-widget-image\" data-id=\"6b4588b\" data-element_type=\"widget\" data-e-type=\"widget\" data-widget_type=\"image.default\">\n\t\t\t\t<div class=\"elementor-widget-container\">\n\t\t\t\t\t\t\t\t\t\t\t\t\t\t\t<img fetchpriority=\"high\" decoding=\"async\" width=\"1024\" height=\"683\" src=\"https:\/\/levelup-bf.com\/wp-content\/uploads\/2024\/06\/WhatsApp-Image-2024-06-14-at-17.56.13-1024x683.jpeg\" class=\"attachment-large size-large wp-image-3276\" alt=\"\" srcset=\"https:\/\/levelup-bf.com\/wp-content\/uploads\/2024\/06\/WhatsApp-Image-2024-06-14-at-17.56.13-1024x683.jpeg 1024w, https:\/\/levelup-bf.com\/wp-content\/uploads\/2024\/06\/WhatsApp-Image-2024-06-14-at-17.56.13-300x200.jpeg 300w, https:\/\/levelup-bf.com\/wp-content\/uploads\/2024\/06\/WhatsApp-Image-2024-06-14-at-17.56.13-768x512.jpeg 768w, https:\/\/levelup-bf.com\/wp-content\/uploads\/2024\/06\/WhatsApp-Image-2024-06-14-at-17.56.13.jpeg 1068w\" sizes=\"(max-width: 1024px) 100vw, 1024px\" \/>\t\t\t\t\t\t\t\t\t\t\t\t\t\t\t<\/div>\n\t\t\t\t<\/div>\n\t\t\t\t\t<\/div>\n\t\t\t\t<\/div>\n\t\t<div class=\"elementor-element elementor-element-678fe9d e-flex e-con-boxed e-con e-child\" data-id=\"678fe9d\" data-element_type=\"container\" data-e-type=\"container\">\n\t\t\t\t\t<div class=\"e-con-inner\">\n\t\t\t\t<div class=\"elementor-element elementor-element-13842a4 elementor-widget elementor-widget-text-editor\" data-id=\"13842a4\" data-element_type=\"widget\" data-e-type=\"widget\" data-widget_type=\"text-editor.default\">\n\t\t\t\t<div class=\"elementor-widget-container\">\n\t\t\t\t\t\t\t\t\t<div class=\"x11i5rnm xat24cr x1mh8g0r x1vvkbs xtlvy1s x126k92a\"><h4 dir=\"auto\">Monsieur YONLI est avocat au Burkina et le p\u00e8re de l\u2019un de nos \u00e9tudiants accompagn\u00e9 il y a 2 ans pour son projet d\u2019\u00e9tudes sup\u00e9rieures \u00e0 l\u2019\u00e9tranger.<\/h4><\/div><div class=\"x11i5rnm xat24cr x1mh8g0r x1vvkbs xtlvy1s x126k92a\"><h4 dir=\"auto\">Il partage avec nous son exp\u00e9rience avec Level Up Education <span class=\"html-span xexx8yu x4uap5 x18d9i69 xkhd6sd x1hl2dhg x16tdsg8 x1vvkbs x3nfvp2 x1j61x8r x1fcty0u xdj266r xat24cr xgzva0m xhhsvwb xxymvpz xlup9mm x1kky2od\"><img decoding=\"async\" class=\"xz74otr\" src=\"https:\/\/static.xx.fbcdn.net\/images\/emoji.php\/v9\/t20\/1\/16\/2b07.png\" alt=\"\u2b07\ufe0f\" width=\"16\" height=\"16\" \/><\/span><\/h4><p>\u00a0<\/p><\/div><ol><li><h4><strong>Pouvez-vous vous pre\u0301senter svp ? (Nom de famille)<\/strong><\/h4><\/li><\/ol><h4>\u27a1\ufe0f Je suis YONLI E. et je suis avocat.<\/h4><ol start=\"2\"><li><h4><strong>Vous e\u0302tes le parent de quel(le) e\u0301tudiant(e) ? (Pre\u0301nom uniquement ; Pre\u0301ciser le pays d\u2019e\u0301tude, et la filie\u0300re de l\u2019e\u0301tudiant(e)) <\/strong><\/h4><\/li><\/ol><h4>\u27a1\ufe0f Je suis le papa de Limaaba qui \u00e9tudie le droit \u00e0 l\u2019universit\u00e9 de Bordeaux en France.<\/h4><ol start=\"3\"><li><h4><strong>Comment va-t-il\/elle et comment se passe son se\u0301jour ? <\/strong><\/h4><\/li><\/ol><h4>\u27a1\ufe0f Il va tr\u00e8s bien et son s\u00e9jour se passe bien \u00e0 Bordeaux.<\/h4><ol start=\"4\"><li><h4><strong>Quels sont les avantages selon vous d\u2019envoyer son enfant a\u0300 l\u2019international pour les e\u0301tudes ? <\/strong><\/h4><\/li><\/ol><h4>\u27a1\ufe0f La seule et unique raison pour laquelle j\u2019ai envoy\u00e9 mon enfant en France pour \u00e9tudier c\u2019est la haute qualit\u00e9 de l\u2019offre de formation. En fait, pour quelqu\u2019un qui veut \u00e9tudier du droit de type romano germanique, il n\u2019y a pas meilleure endroit que la France.<\/h4><ol start=\"5\"><li><h4><strong>Comment avez-vous connu Level UP ? <\/strong><\/h4><\/li><\/ol><h4>\u27a1\ufe0f J\u2019ai connu Level UP par l\u2019oncle de mes enfants qui, apr\u00e8s que mon fils a r\u00e9ussi au Bac, m\u2019a dit que Level UP \u00e9tait tout indiqu\u00e9 pour nous aider pour la suite.<\/h4><ol start=\"6\"><li><h4><strong>Pourquoi les avoir contacte\u0301s et comment s\u2019est passe\u0301 votre collaboration avec Level UP ?<\/strong><\/h4><\/li><\/ol><h4>\u27a1\ufe0f En fait, apr\u00e8s le BAC, mon fils a souhait\u00e9 faire une ann\u00e9e d\u2019apprentissage de l\u2019anglais au Ghana. Je ne voulais pas le laisser, \u00e9tant au Ghana, s\u2019occuper seul de sa demande d\u2019inscription sans que j\u2019ai un regard qui me rassure que tout se passe bien. Il fallait alors le faire sur place ici \u00e0 Ouaga. Or, je ne pouvais pas non plus le faire moi-m\u00eame, au regard du temps que c\u2019allait me prendre \u00e0 naviguer sur Campus France. Les services que Level UP offre m\u2019ont paru super dans ma situation, et ce fut vraiment g\u00e9nial.<\/h4><ol start=\"7\"><li><h4><strong>Etes vous satisfait de cette collaboration ? <\/strong><\/h4><\/li><\/ol><h4>\u27a1\ufe0f La coop\u00e9ration avec Level UP a \u00e9t\u00e9 satisfaisante \u00e0 100%, mon fils a obtenu son inscription \u00e0 l\u2019universit\u00e9 de Bordeaux o\u00f9 nous souhaitions vraiment qu\u2019il \u00e9tudie.\u00a0<\/h4><ol start=\"8\"><li><h4><strong>Sur une e\u0301chelle de 1\/10 quelle note donneriez-vous a\u0300 la qualite\u0301 des services de Level Up Education ?<\/strong><\/h4><\/li><\/ol><h4>\u27a1\ufe0f 10\/10, parce que j\u2019ai obtenu exactement ce que je cherchais en allant vers eux. C\u2019est simplement parfait.<\/h4><ol start=\"9\"><li><h4><strong>Racontez-nous une anecdote ou un fait marquant lors de votre collaboration avec Level up e\u0301ducation ? (s\u2019il y en a).<\/strong><\/h4><\/li><\/ol><h4>\u27a1\ufe0f La maitrise du processus d\u2019inscription en France a \u00e9t\u00e9 un fait marquant et rassurant pour moi.<\/h4><ol start=\"10\"><li><h4><strong>Seriez-vous pre\u0302t a\u0300 recommander Level up Education a\u0300 d\u2019autres parents ? Si oui pourquoi ? <\/strong><\/h4><\/li><\/ol><h4>\u27a1\ufe0f Je l\u2019ai d\u00e9j\u00e0 fait trois ou deux fois d\u00e9j\u00e0. Et je le ferai encore si l\u2019occasion se pr\u00e9sente.<\/h4><ol start=\"11\"><li><h4><strong>Le mot de la fin <\/strong><\/h4><\/li><\/ol><h4>\u27a1\ufe0f Je souhaite plein succ\u00e8s \u00e0 Level UP dans son engagement \u00e0 rendre ce service combien important pour les parents et leurs enfants \u00e0 cette \u00e9tape de leurs vies.<\/h4><h4>\u00a0<\/h4>\t\t\t\t\t\t\t\t<\/div>\n\t\t\t\t<\/div>\n\t\t\t\t<div class=\"elementor-element elementor-element-550abe5 elementor-widget elementor-widget-html\" data-id=\"550abe5\" data-element_type=\"widget\" data-e-type=\"widget\" data-widget_type=\"html.default\">\n\t\t\t\t<div class=\"elementor-widget-container\">\n\t\t\t\t\t<a class=\"button btn-default big color4 round mdc-ripple-upgraded\" target=\"_self\" href=\"https:\/\/levelup-bf.com\/?page_id=3175\" style=\"--mdc-ripple-fg-size: 139.76000061035157px; --mdc-ripple-fg-scale: 1.7824178788248153; --mdc-ripple-fg-translate-start: -57.313349914550784px, -34.946650695800784px; --mdc-ripple-fg-translate-end: 46.586666870117185px, -42.880000305175784px;\">\u00c9tudiants <\/a>\t\t\t\t<\/div>\n\t\t\t\t<\/div>\n\t\t<div class=\"elementor-element elementor-element-318ba60 e-flex e-con-boxed e-con e-child\" data-id=\"318ba60\" data-element_type=\"container\" data-e-type=\"container\">\n\t\t\t\t\t<div class=\"e-con-inner\">\n\t\t\t\t\t<\/div>\n\t\t\t\t<\/div>\n\t\t<div class=\"elementor-element elementor-element-55be1b6 e-flex e-con-boxed e-con e-child\" data-id=\"55be1b6\" data-element_type=\"container\" data-e-type=\"container\">\n\t\t\t\t\t<div class=\"e-con-inner\">\n\t\t\t\t\t<\/div>\n\t\t\t\t<\/div>\n\t\t\t\t\t<\/div>\n\t\t\t\t<\/div>\n\t\t\t\t\t<\/div>\n\t\t\t\t<\/div>\n\t\t\t\t<\/div>\n\t\t","protected":false},"excerpt":{"rendered":"<p>T\u00e9moignage de M. YONLI Monsieur YONLI est avocat au Burkina et le p\u00e8re de l\u2019un de nos \u00e9tudiants accompagn\u00e9 il y a 2 ans pour son projet d\u2019\u00e9tudes sup\u00e9rieures \u00e0 l\u2019\u00e9tranger. Il partage avec nous son exp\u00e9rience avec Level Up Education \u00a0 Pouvez-vous vous pre\u0301senter svp ? (Nom de famille) \u27a1\ufe0f Je suis YONLI E.&nbsp;&hellip;<\/p>\n","protected":false},"author":4,"featured_media":0,"parent":0,"menu_order":0,"comment_status":"closed","ping_status":"closed","template":"","meta":{"_monsterinsights_skip_tracking":false,"_monsterinsights_sitenote_active":false,"_monsterinsights_sitenote_note":"","_monsterinsights_sitenote_category":0,"footnotes":""},"class_list":["post-3173","page","type-page","status-publish","hentry"],"yoast_head":"<!-- This site is optimized with the Yoast SEO plugin v27.5 - https:\/\/yoast.com\/product\/yoast-seo-wordpress\/ -->\n<title>Parents - LEVEL UP EDUCATION<\/title>\n<meta name=\"description\" content=\"Level Up Education est un centre d&#039;accompagnement des jeunes et des professionnels, sp\u00e9cialis\u00e9 dans le conseil, l&#039;orientation, la r\u00e9orientation scolaire et l&#039;accompagnement des \u00e9tudiants dans leurs projets d&#039;\u00e9tudes \u00e0 l&#039;international.\" \/>\n<meta name=\"robots\" content=\"index, follow, max-snippet:-1, max-image-preview:large, max-video-preview:-1\" \/>\n<link rel=\"canonical\" href=\"https:\/\/levelup-bf.com\/?page_id=3173\" \/>\n<meta property=\"og:locale\" content=\"fr_FR\" \/>\n<meta property=\"og:type\" content=\"article\" \/>\n<meta property=\"og:title\" content=\"Parents - LEVEL UP EDUCATION\" \/>\n<meta property=\"og:description\" content=\"Level Up Education est un centre d&#039;accompagnement des jeunes et des professionnels, sp\u00e9cialis\u00e9 dans le conseil, l&#039;orientation, la r\u00e9orientation scolaire et l&#039;accompagnement des \u00e9tudiants dans leurs projets d&#039;\u00e9tudes \u00e0 l&#039;international.\" \/>\n<meta property=\"og:url\" content=\"https:\/\/levelup-bf.com\/?page_id=3173\" \/>\n<meta property=\"og:site_name\" content=\"LEVEL UP EDUCATION\" \/>\n<meta property=\"article:publisher\" content=\"https:\/\/www.facebook.com\/Levelup-Education-100296392005332\/\" \/>\n<meta property=\"article:modified_time\" content=\"2024-07-15T12:16:25+00:00\" \/>\n<meta property=\"og:image\" content=\"https:\/\/levelup-bf.com\/wp-content\/uploads\/2024\/06\/WhatsApp-Image-2024-06-14-at-17.56.13-1024x683.jpeg\" \/>\n<meta name=\"twitter:label1\" content=\"Dur\u00e9e de lecture estim\u00e9e\" \/>\n\t<meta name=\"twitter:data1\" content=\"3 minutes\" \/>\n<script type=\"application\/ld+json\" class=\"yoast-schema-graph\">{\"@context\":\"https:\\\/\\\/schema.org\",\"@graph\":[{\"@type\":\"WebPage\",\"@id\":\"https:\\\/\\\/levelup-bf.com\\\/?page_id=3173\",\"url\":\"https:\\\/\\\/levelup-bf.com\\\/?page_id=3173\",\"name\":\"Parents - LEVEL UP EDUCATION\",\"isPartOf\":{\"@id\":\"https:\\\/\\\/levelup-bf.com\\\/#website\"},\"primaryImageOfPage\":{\"@id\":\"https:\\\/\\\/levelup-bf.com\\\/?page_id=3173#primaryimage\"},\"image\":{\"@id\":\"https:\\\/\\\/levelup-bf.com\\\/?page_id=3173#primaryimage\"},\"thumbnailUrl\":\"https:\\\/\\\/levelup-bf.com\\\/wp-content\\\/uploads\\\/2024\\\/06\\\/WhatsApp-Image-2024-06-14-at-17.56.13-1024x683.jpeg\",\"datePublished\":\"2024-04-29T10:52:03+00:00\",\"dateModified\":\"2024-07-15T12:16:25+00:00\",\"description\":\"Level Up Education est un centre d'accompagnement des jeunes et des professionnels, sp\u00e9cialis\u00e9 dans le conseil, l'orientation, la r\u00e9orientation scolaire et l'accompagnement des \u00e9tudiants dans leurs projets d'\u00e9tudes \u00e0 l'international.\",\"breadcrumb\":{\"@id\":\"https:\\\/\\\/levelup-bf.com\\\/?page_id=3173#breadcrumb\"},\"inLanguage\":\"fr-FR\",\"potentialAction\":[{\"@type\":\"ReadAction\",\"target\":[\"https:\\\/\\\/levelup-bf.com\\\/?page_id=3173\"]}]},{\"@type\":\"ImageObject\",\"inLanguage\":\"fr-FR\",\"@id\":\"https:\\\/\\\/levelup-bf.com\\\/?page_id=3173#primaryimage\",\"url\":\"https:\\\/\\\/levelup-bf.com\\\/wp-content\\\/uploads\\\/2024\\\/06\\\/WhatsApp-Image-2024-06-14-at-17.56.13.jpeg\",\"contentUrl\":\"https:\\\/\\\/levelup-bf.com\\\/wp-content\\\/uploads\\\/2024\\\/06\\\/WhatsApp-Image-2024-06-14-at-17.56.13.jpeg\",\"width\":1068,\"height\":712},{\"@type\":\"BreadcrumbList\",\"@id\":\"https:\\\/\\\/levelup-bf.com\\\/?page_id=3173#breadcrumb\",\"itemListElement\":[{\"@type\":\"ListItem\",\"position\":1,\"name\":\"Accueil\",\"item\":\"https:\\\/\\\/levelup-bf.com\\\/\"},{\"@type\":\"ListItem\",\"position\":2,\"name\":\"Parents\"}]},{\"@type\":\"WebSite\",\"@id\":\"https:\\\/\\\/levelup-bf.com\\\/#website\",\"url\":\"https:\\\/\\\/levelup-bf.com\\\/\",\"name\":\"LEVEL UP EDUCATION\",\"description\":\"L&#039;Expert de l&#039;Orientation Scolaire et de la Mobilit\u00e9 Internationale des \u00c9tudiants!\",\"publisher\":{\"@id\":\"https:\\\/\\\/levelup-bf.com\\\/#organization\"},\"potentialAction\":[{\"@type\":\"SearchAction\",\"target\":{\"@type\":\"EntryPoint\",\"urlTemplate\":\"https:\\\/\\\/levelup-bf.com\\\/?s={search_term_string}\"},\"query-input\":{\"@type\":\"PropertyValueSpecification\",\"valueRequired\":true,\"valueName\":\"search_term_string\"}}],\"inLanguage\":\"fr-FR\"},{\"@type\":\"Organization\",\"@id\":\"https:\\\/\\\/levelup-bf.com\\\/#organization\",\"name\":\"Level'Up Education\",\"url\":\"https:\\\/\\\/levelup-bf.com\\\/\",\"logo\":{\"@type\":\"ImageObject\",\"inLanguage\":\"fr-FR\",\"@id\":\"https:\\\/\\\/levelup-bf.com\\\/#\\\/schema\\\/logo\\\/image\\\/\",\"url\":\"https:\\\/\\\/levelup-bf.com\\\/wp-content\\\/uploads\\\/2021\\\/02\\\/cropped-cropped-LOGO-10.jpeg\",\"contentUrl\":\"https:\\\/\\\/levelup-bf.com\\\/wp-content\\\/uploads\\\/2021\\\/02\\\/cropped-cropped-LOGO-10.jpeg\",\"width\":915,\"height\":912,\"caption\":\"Level'Up Education\"},\"image\":{\"@id\":\"https:\\\/\\\/levelup-bf.com\\\/#\\\/schema\\\/logo\\\/image\\\/\"},\"sameAs\":[\"https:\\\/\\\/www.facebook.com\\\/Levelup-Education-100296392005332\\\/\",\"https:\\\/\\\/www.instagram.com\\\/level_up_educ\\\/\"]}]}<\/script>\n<!-- \/ Yoast SEO plugin. -->","yoast_head_json":{"title":"Parents - LEVEL UP EDUCATION","description":"Level Up Education est un centre d'accompagnement des jeunes et des professionnels, sp\u00e9cialis\u00e9 dans le conseil, l'orientation, la r\u00e9orientation scolaire et l'accompagnement des \u00e9tudiants dans leurs projets d'\u00e9tudes \u00e0 l'international.","robots":{"index":"index","follow":"follow","max-snippet":"max-snippet:-1","max-image-preview":"max-image-preview:large","max-video-preview":"max-video-preview:-1"},"canonical":"https:\/\/levelup-bf.com\/?page_id=3173","og_locale":"fr_FR","og_type":"article","og_title":"Parents - LEVEL UP EDUCATION","og_description":"Level Up Education est un centre d'accompagnement des jeunes et des professionnels, sp\u00e9cialis\u00e9 dans le conseil, l'orientation, la r\u00e9orientation scolaire et l'accompagnement des \u00e9tudiants dans leurs projets d'\u00e9tudes \u00e0 l'international.","og_url":"https:\/\/levelup-bf.com\/?page_id=3173","og_site_name":"LEVEL UP EDUCATION","article_publisher":"https:\/\/www.facebook.com\/Levelup-Education-100296392005332\/","article_modified_time":"2024-07-15T12:16:25+00:00","og_image":[{"url":"https:\/\/levelup-bf.com\/wp-content\/uploads\/2024\/06\/WhatsApp-Image-2024-06-14-at-17.56.13-1024x683.jpeg","type":"","width":"","height":""}],"twitter_misc":{"Dur\u00e9e de lecture estim\u00e9e":"3 minutes"},"schema":{"@context":"https:\/\/schema.org","@graph":[{"@type":"WebPage","@id":"https:\/\/levelup-bf.com\/?page_id=3173","url":"https:\/\/levelup-bf.com\/?page_id=3173","name":"Parents - LEVEL UP EDUCATION","isPartOf":{"@id":"https:\/\/levelup-bf.com\/#website"},"primaryImageOfPage":{"@id":"https:\/\/levelup-bf.com\/?page_id=3173#primaryimage"},"image":{"@id":"https:\/\/levelup-bf.com\/?page_id=3173#primaryimage"},"thumbnailUrl":"https:\/\/levelup-bf.com\/wp-content\/uploads\/2024\/06\/WhatsApp-Image-2024-06-14-at-17.56.13-1024x683.jpeg","datePublished":"2024-04-29T10:52:03+00:00","dateModified":"2024-07-15T12:16:25+00:00","description":"Level Up Education est un centre d'accompagnement des jeunes et des professionnels, sp\u00e9cialis\u00e9 dans le conseil, l'orientation, la r\u00e9orientation scolaire et l'accompagnement des \u00e9tudiants dans leurs projets d'\u00e9tudes \u00e0 l'international.","breadcrumb":{"@id":"https:\/\/levelup-bf.com\/?page_id=3173#breadcrumb"},"inLanguage":"fr-FR","potentialAction":[{"@type":"ReadAction","target":["https:\/\/levelup-bf.com\/?page_id=3173"]}]},{"@type":"ImageObject","inLanguage":"fr-FR","@id":"https:\/\/levelup-bf.com\/?page_id=3173#primaryimage","url":"https:\/\/levelup-bf.com\/wp-content\/uploads\/2024\/06\/WhatsApp-Image-2024-06-14-at-17.56.13.jpeg","contentUrl":"https:\/\/levelup-bf.com\/wp-content\/uploads\/2024\/06\/WhatsApp-Image-2024-06-14-at-17.56.13.jpeg","width":1068,"height":712},{"@type":"BreadcrumbList","@id":"https:\/\/levelup-bf.com\/?page_id=3173#breadcrumb","itemListElement":[{"@type":"ListItem","position":1,"name":"Accueil","item":"https:\/\/levelup-bf.com\/"},{"@type":"ListItem","position":2,"name":"Parents"}]},{"@type":"WebSite","@id":"https:\/\/levelup-bf.com\/#website","url":"https:\/\/levelup-bf.com\/","name":"LEVEL UP EDUCATION","description":"L&#039;Expert de l&#039;Orientation Scolaire et de la Mobilit\u00e9 Internationale des \u00c9tudiants!","publisher":{"@id":"https:\/\/levelup-bf.com\/#organization"},"potentialAction":[{"@type":"SearchAction","target":{"@type":"EntryPoint","urlTemplate":"https:\/\/levelup-bf.com\/?s={search_term_string}"},"query-input":{"@type":"PropertyValueSpecification","valueRequired":true,"valueName":"search_term_string"}}],"inLanguage":"fr-FR"},{"@type":"Organization","@id":"https:\/\/levelup-bf.com\/#organization","name":"Level'Up Education","url":"https:\/\/levelup-bf.com\/","logo":{"@type":"ImageObject","inLanguage":"fr-FR","@id":"https:\/\/levelup-bf.com\/#\/schema\/logo\/image\/","url":"https:\/\/levelup-bf.com\/wp-content\/uploads\/2021\/02\/cropped-cropped-LOGO-10.jpeg","contentUrl":"https:\/\/levelup-bf.com\/wp-content\/uploads\/2021\/02\/cropped-cropped-LOGO-10.jpeg","width":915,"height":912,"caption":"Level'Up Education"},"image":{"@id":"https:\/\/levelup-bf.com\/#\/schema\/logo\/image\/"},"sameAs":["https:\/\/www.facebook.com\/Levelup-Education-100296392005332\/","https:\/\/www.instagram.com\/level_up_educ\/"]}]}},"_links":{"self":[{"href":"https:\/\/levelup-bf.com\/index.php?rest_route=\/wp\/v2\/pages\/3173","targetHints":{"allow":["GET"]}}],"collection":[{"href":"https:\/\/levelup-bf.com\/index.php?rest_route=\/wp\/v2\/pages"}],"about":[{"href":"https:\/\/levelup-bf.com\/index.php?rest_route=\/wp\/v2\/types\/page"}],"author":[{"embeddable":true,"href":"https:\/\/levelup-bf.com\/index.php?rest_route=\/wp\/v2\/users\/4"}],"replies":[{"embeddable":true,"href":"https:\/\/levelup-bf.com\/index.php?rest_route=%2Fwp%2Fv2%2Fcomments&post=3173"}],"version-history":[{"count":16,"href":"https:\/\/levelup-bf.com\/index.php?rest_route=\/wp\/v2\/pages\/3173\/revisions"}],"predecessor-version":[{"id":3323,"href":"https:\/\/levelup-bf.com\/index.php?rest_route=\/wp\/v2\/pages\/3173\/revisions\/3323"}],"wp:attachment":[{"href":"https:\/\/levelup-bf.com\/index.php?rest_route=%2Fwp%2Fv2%2Fmedia&parent=3173"}],"curies":[{"name":"wp","href":"https:\/\/api.w.org\/{rel}","templated":true}]}}